 is -3 - -1052?
1045
In base 3, what is -10 - -12010?
12000
In base 3, what is -122 - -112?
-10
In base 11, what is -8 - -1a5?
198
In base 14, what is -3 - 6b?
-70
In base 9, what is -7 + -1045?
-1053
In base 6, what is -210 + 3?
-203
In base 7, what is 0 + 1052?
1052
In base 16, what is 2ec1 - -4?
2ec5
In base 9, what is -4 - -21?
16
In base 10, what is -2 - -332?
330
In base 11, what is -1943 - 0?
-1943
In base 7, what is -62 + -26?
-121
In base 5, what is -33 - 14?
-102
In base 7, what is 62 - -11?
103
In base 8, what is 3 + -140?
-135
In base 15, what is 4 + -8?
-4
In base 8, what is 6 + 52?
60
In base 12, what is -1 + -3a?
-3b
In base 16, what is 930 + -a?
926
In base 2, what is -100110 + 10?
-100100
In base 9, what is -4 - -16?
12
In base 6, what is -24 + 24?
0
In base 6, what is -141 + -21?
-202
In base 15, what is -3 + 2a?
27
In base 8, what is 1246 + -5?
1241
In base 9, what is -4 - 3108?
-3113
In base 4, what is -1 + 1131?
1130
In base 13, what is -14 - -3cb?
3b7
In base 10, what is -41 + 190?
149
In base 13, what is 5 - 21bc?
-21b7
In base 8, what is -153 - -361?
206
In base 15, what is -abd + 7?
-ab6
In base 9, what is -45150 - 2?
-45152
In base 7, what is -50 + 1461?
1411
In base 9, what is 21202 - 5?
21186
In base 15, what is 0 + -e2?
-e2
In base 3, what is -12 + -2222011?
-2222100
In base 2, what is -1001000 + -1000010?
-10001010
In base 16, what is -3 - -20?
1d
In base 9, what is -21 + 106?
75
In base 2, what is -11 - -11000010?
10111111
In base 10, what is 33 + -135?
-102
In base 9, what is -2 - 5812?
-5814
In base 16, what is 6 - 20?
-1a
In base 6, what is -1 - -40?
35
In base 6, what is 41 + -30?
11
In base 2, what is 10110011 + 110?
10111001
In base 9, what is 77 + -403?
-315
In base 3, what is -1002210 - -2?
-1002201
In base 2, what is 10 + -1011?
-1001
In base 13, what is 27 + 6?
30
In base 8, what is 260 + -14?
244
In base 7, what is -4 + 1154?
1150
In base 12, what is -34 + 3?
-31
In base 14, what is -2 + 675?
673
In base 16, what is -d40 + 3?
-d3d
In base 5, what is -20 - -1124?
1104
In base 2, what is 1011111 - -10?
1100001
In base 13, what is -66 - 103?
-169
In base 13, what is -4 + 11?
a
In base 6, what is -2252 - 2?
-2254
In base 16, what is -5 - 72?
-77
In base 2, what is -101 - -1110?
1001
In base 7, what is 2 - 12515?
-12513
In base 2, what is -1000 + 10?
-110
In base 15, what is -3c23 + 5?
-3c1d
In base 3, what is -1022111 - -12?
-1022022
In base 9, what is -47 + -112?
-160
In base 7, what is -142021 + 3?
-142015
In base 7, what is 433 + -3?
430
In base 16, what is 1 + 2b?
2c
In base 3, what is 11 + -20012?
-20001
In base 3, what is 22100 + -100?
22000
In base 15, what is 2d1 - -1?
2d2
In base 6, what is 1213 + 4?
1221
In base 15, what is 1 - -85?
86
In base 11, what is 2 + -177?
-175
In base 16, what is 0 - 923?
-923
In base 11, what is -5 + 3?
-2
In base 14, what is aaa + -3?
aa7
In base 7, what is -5 + 34?
26
In base 7, what is 6 - 130?
-121
In base 5, what is -1 - -13?
12
In base 13, what is -c - 488?
-497
In base 11, what is 1 - -44?
45
In base 15, what is -4 - 1d?
-22
In base 15, what is -be + -4?
-c3
In base 14, what is 4 - -cb?
d1
In base 7, what is 42136 + -5?
42131
In base 12, what is 2315 + 3?
2318
In base 16, what is 0 + 11bf?
11bf
In base 10, what is 2 + -600?
-598
In base 7, what is 3 - -5?
11
In base 11, what is 36 - 14?
22
In base 13, what is 1 - 190?
-18c
In base 8, what is 2 - -211?
213
In base 5, what is 1 - -2100?
2101
In base 13, what is 942 + 1?
943
In base 2, what is -10 - -101010111?
101010101
In base 7, what is 0 + -21?
-21
In base 6, what is -4 - 4044?
-4052
In base 11, what is 3 - 65?
-62
In base 9, what is -412 - -2?
-410
In base 12, what is -b6 + -2?
-b8
In base 16, what is -613 + 3?
-610
In base 14, what is 5 - -84?
89
In base 2, what is 101110001110111 - 101?
101110001110010
In base 14, what is 99a5 - -5?
99aa
In base 6, what is -4 + 220?
212
In base 4, what is 0 + -21020?
-21020
In base 10, what is 6 - 1494?
-1488
In base 5, what is 0 - 2000?
-2000
In base 7, what is -5 - 11611?
-11616
In base 10, what is 569 + 2?
571
In base 8, what is 277 - -5?
304
In base 3, what is -221 + 200?
-21
In base 11, what is -1 + -40?
-41
In base 14, what is -5 - -16?
11
In base 3, what is 10020 + 12?
10102
In base 3, what is -12011 + -1?
-12012
In base 13, what is -c - 50?
-5c
In base 14, what is 15 - -569?
580
In base 16, what is 4ca + -6?
4c4
In base 3, what is -10021 - 11112?
-21210
In base 6, what is 0 - -303?
303
In base 9, what is 2 - 5662?
-5660
In base 10, what is 0 - 119?
-119
In base 3, what is -121 + -102?
-1000
In base 8, what is -3 - -10544?
10541
In base 8, what is 743 + 0?
743
In base 2, what is -10001101 + 1100010?
-101011
In base 16, what is e - b?
3
In base 8, what is -64 - 6?
-72
In base 2, what is 10000011100 + 0?
10000011100
In base 4, what is -3 + 202?
133
In base 2, what is -110101111 - 10?
-110110001
In base 5, what is 10233 - -143?
10431
In base 5, what is 10 - 2133?
-2123
In base 14, what is 1 + 14?
15
In base 13, what is 11 - -5?
16
In base 2, what is -1101101000 + 101?
-1101100011
In base 13, what is -147 - 4?
-14b
In base 8, what is -350 - 3?
-353
In base 15, what is ac - 4?
a8
In base 5, what is -30114 - -3?
-30111
In base 5, what is -2131 - 10?
-2141
In base 9, what is 1 + 47?
48
In base 12, what is -a1 + 1?
-a0
In base 2, what is -11 - 11011100011?
-11011100110
In base 2, what is 1011101 - -11001?
1110110
In base 2, what is -10000 + 11110?
1110
In base 11, what is -5 + -44?
-49
In base 12, what is -992 + -1?
-993
In base 16, what is 0 - -109?
109
In base 14, what is -5 + 1c?
17
In base 9, what is -776 + -2?
-778
In base 3, what is -102012 - 110?
-102122
In base 10, what is 3 + 11?
14
In base 8, what is 2 - 1?
1
In base 3, what is 11 - 12011002?
-12010221
In base 3, what is -110000 + 0?
-110000
In base 4, what is 12 + -302?
-230
In base 9, what is -3 - 628?
-632
In base 5, what is 34 + 24?
113
In base 8, what is 104 - 3?
101
In base 13, what is 104 - 3?
101
In base 15, what is -3 - 3c?
-40
In base 5, what is 102011 - -4?
102020
In base 16, what is -1 + 21?
20
In base 10, what is 43 + -5?
38
In base 7, what is -5 + -2323?
-2331
In base 16, what is 0 + 196b?
196b
In base 12, what is -1 - 31?
-32
In base 6, what is 2 - 232?
-230
In base 10, what is 831 + -46?
785
In base 6, what is -5 + -24340?
-24345
In base 11, what is -3 + 5?
2
In base 4, what is -33 + -1?
-100
In base 3, what is -122 - 102101?
-110000
In base 4, what is 11 + 1121?
1132
In base 11, what is 123 + 4?
127
In base 3, what is -10 + -20221?
-21001
In base 13, what is -1 - -299?
298
In base 8, what is 1 + 33?
34
In base 2, what is 11 - 1000110?
-1000011
In base 13, what is 22 + -14?
b
In base 16, what is -377 + 0?
-377
In base 9, what is -4 - 30?
-34
In base 7, what is 15445 - 2?
15443
In base 3, what is 120 + -1?
112
In base 5, what is -113 + 12?
-101
In base 8, what is 44 + -2?
42
In base 6, what is 101 - 11?
50
In base 9, what is -3 - -6?
3
In base 12, what is -234 + a?
-226
In base 12, what is -34 + 1?
-33
In base 14, what is -50 - -5?
-49
In base 4, what is 11 - 113?
-102
In base 13, what is 127 - 3?
124
In base 11, what is -3 - 2956?
-2959
In base 15, what is 5 - -326?
32b
In base 12, what is 4b + -8?
43
In base 7, what is -2000 - 2?
-2002
In base 15, what is 1a72 - 5?
1a6c
In base 13, what is 11b + b?
129
In base 10, what is 6157 + 5?
6162
In base 7, what is -10 + -352?
-362
In base 13, what is -23 + 106?
b3
In base 12, what is -17 + 7?
-10
In base 4, what is 100111 + -2?
100103
In base 8, what is -76 + 10?
-66
In base 6, what is -501 - 1?
-502
In base 12, what is -3 + -1b5?
-1b8
In base 14, what is -33 + 9c?
69
In base 10, what is -2 - -4?
2
In base 13, what is 16 + 317?
330
In base 6, what is 1 + 12322?
12323
In base 9, what is -10128 + -5?
-10134
In base 6, what is -53 - -12?
-41
In base 16, what is 7b - -4?
7f
In base 6, what is 214 - 4?
210
In base 3, what is 22210 - -10?
22220
In base 15, what is -5 + 3d?
38
In base 6, what is -11 + -10214?
-10225
In base 16, what is -b3 - 0?
-b3
In base 6, what is 4 - -105?
113
In base 11, what is -4 + 7a6?
7a2
In base 8, what is -5754 - -2?
-5752
In base 12, what is -1a + -b?
-29
In base 13, what is -74 + -5?
-79
In base 13, what is -2 + 78?
76
In base 9, 